. What is the tens digit of g(0)?
3
Let x be -1*(-12)/(-16)*(1 - 365). Suppose -x = -3*q + 150. Suppose -q = -r - g + 51, -r + g = -194. What is the units digit of r?
3
Suppose -j = j + p, -3*p = -5*j - 22. Let b be j - (-30)/(-20)*(-16)/6. Let s = b - -91. What is the units digit of s?
3
Suppose -15170 = -7*a + 26693 - 11385. What is the thousands digit of a?
4
Let o = 672 - 667. Let b = 67 - o. What is the units digit of b?
2
Let p(u) = -2*u + 3. Let n be p(2). Let c(y) = -y**3 - 19*y**2 - 17*y + 22. Let g be c(-18). What is the units digit of ((14/g)/(1/(-2)))/n?
7
Let o = -7676 + 18581. What is the hundreds digit of o?
9
Let j = 37 + -29. Suppose n - 2*n + 2*r + j = 0, 2*n - 4 = r. Suppose -t + 2*v + 3*v + 38 = 0, n = 2*t + 2*v - 124. What is the units digit of t?
8
Let v(i) = -664*i + 539. What is the hundreds digit of v(-9)?
5
Let b(i) = -4*i**3 - 38*i**2 - 69*i + 2. Let k be b(-2). Suppose -23*x = -19*x + k, 2*c - x = 447. What is the hundreds digit of c?
2
Let i be -22*(-3 - (10 + -5)). Suppose f - 6*f - 26 = -3*c, 5 = f - 4*c. Let v = i - f. What is the hundreds digit of v?
1
Let d be (8 - -2)*1/(-5)*-2. Suppose 2*g = -3*c + 286, -d*g + 414 = -g - 3*c. Suppose 3*p = 5*a - 4*a - 56, 3*a = -5*p + g. What is the units digit of a?
0
Let l(w) = 7*w**3 - 241*w**2 - 96*w + 110. What is the thousands digit of l(38)?
2
Suppose 4*a + 9607 = -4*b + 52651, 18 = -3*a. What is the hundreds digit of b?
7
Let l = -810 + 2936. What is the tens digit of l?
2
Suppose -10*a + 15044 = 4*h - 5*a, -5*h + 18805 = 3*a. What is the units digit of h?
1
Let i be (-6)/(-4)*6*4/(-9). Let s be 1*3 - i/16*4. Suppose 3*m - 253 = s*c, -4*m - 5*c + 73 = -316. What is the units digit of m?
1
Suppose -11*j = -52048 - 23687. Suppose -10*u + j = 7*u. What is the units digit of u?
5
Let w(s) = -s + 19. Let y = 291 + -287. What is the tens digit of w(y)?
1
Suppose -8*s + 7*s - 2104 = -g, -5*s = 4*g - 8407. What is the thousands digit of g?
2
Suppose -d + 9683 = -2*x, -d + 3*x + 2*x + 9674 = 0. What is the tens digit of d?
8
Let w be 674/(-2)*(-1 + 0). Let a(h) = 2*h**3 - 10*h + 2. Let v be a(6). Suppose y - v = -5*f + w, -4*f - y = -568. What is the tens digit of f?
4
Suppose -6*j - 5*v - 6 = -3*j, 0 = v. What is the hundreds digit of 1051 + 22 + (-8)/j?
0
Suppose -k - 78311 = -5*i, 2*i + 16*k = 11*k + 31292. What is the hundreds digit of i?
6
Let t be (0 + -1)*(-10 - -7). Suppose 4*g = -3*x + x + 184, 3 = -t*g. Suppose 209 = 3*u - x. What is the hundreds digit of u?
1
What is the tens digit of 12 + (-13335)/(-9) - (-6)/(-9)?
9
Suppose 28*t + 4*m - 250569 = 25*t, 2*m = -5*t + 417601. What is the thousands digit of t?
3
Let b(g) = 6*g**2 + 114*g + 1571. What is the tens digit of b(-65)?
1
Let z = 20934 - 10998. What is the hundreds digit of z?
9
Suppose 2*p = 0, 3*p + 6 = 2*f - 28. Let u be (f - 19) + 1/(2/12). Let r = u + 6. What is the tens digit of r?
1
Let g(y) = -y**2 + 13*y + 8. Suppose 0*i + 5*i - 35 = 0. Let s be (4 - i - 6)*-1. What is the tens digit of g(s)?
4
Suppose 284*a = 283*a. Suppose a = 4*d - 4*w - 644, -w + 218 = d + 51. What is the units digit of d?
4
Let b = 4686 - 2532. Suppose -k + j = -390, 0 = -5*k - 5*j - 234 + b. What is the hundreds digit of k?
3
Let v(j) = j**3 + 7*j**2 + 13*j + 2. Suppose 41 - 51 = 2*n. Let a be v(n). What is the units digit of 176/1 + a + 9?
2
Let y(w) = 59*w**2 + 38*w + 115. What is the hundreds digit of y(-12)?
1
Let k(w) = 14*w**2 - 8*w + 12. Suppose 0 = -4*u + 3*y + 11, -4*y + 7*y = 9. What is the units digit of k(u)?
2
Suppose -40*l = -37*l + 3*y - 44412, -3*l + 5*y = -44428. What is the thousands digit of l?
4
Suppose -5*g + 69784 = 4*w, -5*w + 6*w + 55802 = 4*g. What is the hundreds digit of g?
9
Let c(b) = -2*b**2 + 3*b + 25. Let y be c(4). Suppose -2*a = -5*i + 5028, y*i = -0*a - 5*a + 5000. What is the hundreds digit of i?
0
Let r = 108 + 12881. What is the thousands digit of r?
2
Suppose -162*c + 7360336 = -3582490 + 3440120. What is the hundreds digit of c?
3
Suppose -2*d + 13823 = z, -25634 = -4*z - 5*d + 29661. What is the tens digit of z?
2
Suppose 1301051 - 307541 = 63*h. What is the hundreds digit of h?
7
Let b(w) = 671*w**2 - 25*w + 73. What is the units digit of b(3)?
7
Suppose -4*q + 3*g = -8*q - 53, -g = q + 14. Let b(f) = 18*f + 57. Let t be b(q). Let w = 217 + t. What is the units digit of w?
6
Suppose -4*q - 8 = h + q, -5*h - q = -56. Let y be -5*(-4)/30*h. Suppose -y*l + 197 + 619 = 0. What is the tens digit of l?
0
Suppose -2*r - 20168 = -4*q, 5*q + r - 15914 - 9303 = 0. What is the hundreds digit of q?
0
Suppose 109396 = 2*k - 5*o + 8618, 5*k - 251960 = 5*o. What is the tens digit of k?
9
Let u = 105 + -14. Suppose u*m = 77*m + 12768. What is the hundreds digit of m?
9
Let g(a) = -115*a + 5652. What is the thousands digit of g(-185)?
6
Let o = -131 + 159. Suppose 230 = 2*n - n. Suppose 0 = 6*j - o - n. What is the tens digit of j?
4
Suppose -3 = -3*t - 4*q, 5*t - 3*q - 29 = t. Suppose 4*y - 2205 = -y - t*m, -1329 = -3*y - m. What is the tens digit of y?
4
Let q(l) = 2*l - 10. Suppose -4*b + 55 = b. Let p be q(b). Let t = p - 2. What is the units digit of t?
0
Suppose -n - 5*w + 3 = n, -4*n + 3*w = -19. Suppose 0 = 5*x, -n*x = -2*u + 253 - 3. Suppose -484 = -7*h + u. What is the tens digit of h?
8
Let k be (54/9)/(6/4). Suppose 3*s = k*g + 1316, -3*s + 1975 = -2*g + 669. What is the units digit of s?
2
Let r(v) = -527*v - 514. What is the tens digit of r(-5)?
2
Let v = 86 - 62. Let y = 2 + v. Let u = 52 - y. What is the units digit of u?
6
What is the ten thousands digit of (-22 - -16)*(-22755)/10?
1
Suppose 2*w = -2*a + 18150, 1483*a - 45381 = -5*w + 1484*a. What is the tens digit of w?
7
Suppose -5*j - 2*s + 28920 = -13330, 0 = 2*s - 10. What is the tens digit of j?
4
Suppose 5*g + 5*p - 227925 = 0, 5*g = 179*p - 175*p + 227853. What is the hundreds digit of g?
5
Suppose 10*o + 5*g = 10*g + 12130, -2420 = -2*o - 2*g. What is the units digit of o?
2
Let z(u) be the second derivative of -u**5/20 + 11*u**4/6 + 8*u**3/3 + 3*u**2/2 - 38*u - 1. What is the hundreds digit of z(12)?
6
Suppose -u + 6*u = 5*b - 1085, -654 = -3*b + 4*u. Suppose 1817 + b = 3*v. What is the units digit of v?
7
Let o(c) = 4*c**2 + 15*c + 6. Let m be o(-4). Suppose 5*z + 2165 = m*z. What is the tens digit of z?
3
Let v(u) = 16*u**2 + 15*u**2 + 46 - 45*u**2 - 23*u + 13*u**2. What is the units digit of v(-18)?
6
Let u(x) = 2*x**2 + 45*x - 19. Let a be u(-23). Suppose -2*z - a*k = 3*z - 341, -z + 2*k = -71. What is the units digit of z?
9
Let s(r) = -7*r - 9. Let m be s(-8). Suppose -55*i = -m*i - 24. What is the units digit of (-48)/(-32)*220/i?
0
Let j(n) = -15*n - 11*n - 16*n - 20 + n**3 - 21*n**2. What is the units digit of j(23)?
2
Let d(t) = -1. Let s(p) = -p**3 + 13*p**2 + 24*p - 42. Let i(x) = -d(x) - s(x). What is the hundreds digit of i(15)?
1
Suppose 25 = 16*j - 21*j, 5*b + 120 = -2*j. Let r(y) = -36*y + 44. What is the units digit of r(b)?
6
Suppose 13*v - 5467 = 102888. What is the thousands digit of v?
8
Suppose -4*q + 0 - 4 = 0, 2*b - 342 = -2*q. Let n = -86 + b. What is the units digit of n?
6
Let y be 6 - (-56)/(-8) - (-208 - 0). Let s = y + -34. What is the hundreds digit of s?
1
Let s = 14696 + 35210. What is the ten thousands digit of s?
4
Let j = -14553 - -28704. What is the tens digit of j?
5
Let r(p) = -672*p - 523. What is the units digit of r(-36)?
9
Suppose 25 = -5*t, 4*i + t - 38070 = -i. What is the hundreds digit of i?
6
Let w(a) = 57*a**2 + 4*a - 183. What is the hundreds digit of w(8)?
4
Let p be (-9)/(-9) + 4 + -2. Suppose -p*c = 2*n - 658, 3*c - 8*c = -3*n + 1025. What is the tens digit of n?
3
Let k be (-12)/18*(-6)/2. Suppose 2*r = -2, -3*f = -8*f + k*r + 2687. What is the units digit of f?
7
Let s = -80 + 82. Suppose s*a - 407 - 173 = 0. What is the hundreds digit of a?
2
Let z(i) = -3*i**3 - 20*i**2 - 11*i + 6. Let k be z(-6). Suppose 3*h + 2*c - 1846 = 0, k*c - 3076 = -5*h - 4*c. What is the hundreds digit of h?
6
Let w(q) = -449*q**3 + q**2 + 6*q + 17. What is the thousands digit of w(-2)?
3
Suppose -5*f + 2*m + 80307 = 0, -3*f + 8202*m = 8199*m - 48168. What is the hundreds digit of f?
0
Let s = 1000 - -386. What is the tens digit of s?
8
Let g(n) = 2*n**2 + 15*n - 842. What is the tens digi